tors of t.
2
What are the prime factors of (-18)/(((3 + -2)*-1)/1)?
2, 3
List the prime factors of (-83)/(-9) - 8/36.
3
Suppose 10*k - 13*k + 15 = 0. List the prime factors of k.
5
Let j = -29 - -94. List the prime factors of j.
5, 13
Suppose -5*d + 25 = -0. Suppose 17 = 2*a - d. What are the prime factors of a?
11
Let n = -5 + 8. Suppose -n*i - 6 = -i. List the prime factors of (78/9)/((-2)/i).
13
Let u = -65 - -80. List the prime factors of u.
3, 5
Suppose 0*w = 3*w - 303. List the prime factors of w/11 + (-8)/44.
3
Suppose -3*h = 3*x - 16 + 1, h - 11 = 5*x. What are the prime factors of h/30 + (-68)/(-10)?
7
Let k be (-2)/1*21/(-2). Let m = k - 11. What are the prime factors of m?
2, 5
Suppose -270 = -4*o + 58. Let u = -6 + 8. Suppose -4*c + 31 = p + u, 5*p - o = c. What are the prime factors of p?
17
Let i(k) = -9*k - 1. Let z be i(-1). Suppose 3*t = -t + z. Suppose r - 4*y = 23, -t*r + 3*y + 42 = r. What are the prime factors of r?
11
Suppose s = 0, 0*s = 3*k - s + 3. List the prime factors of 1*k/2*-86.
43
Let z = 666 - 392. List the prime factors of z.
2, 137
Let i(l) = 2*l - 2. Let c be i(2). Suppose 0 = -c*n - 3*n + 30. What are the prime factors of n?
2, 3
Suppose q = -q + 76. What are the prime factors of q?
2, 19
Suppose 0 = 2*a - 5 - 3. Suppose y - 10 = -l, -a*y + 2*l - l = -25. List the prime factors of y.
7
Let n(h) = -3*h**3 + 2*h**2 - 2*h + 1. Let w be n(1). Let s = w + 4. Suppose -s*t - 3*j + 3 = t, -8 = -5*t - 4*j. List the prime factors of t.
2
Let z be -1*(-1 + (-7)/1). What are the prime factors of z/(-6)*(-3)/2?
2
Suppose -4*l = 3 - 11. Suppose 2*y + o - l*o = 8, 10 = 5*o. Suppose 5*r + 4*t = 46, -y*r + r + 2*t = -42. List the prime factors of r.
2, 5
Suppose 6 = 5*q - 9. Let y be (-32)/112 + (-3)/((-63)/48). Suppose -q*a - y*u + 25 = -12, -2*u = a - 11. List the prime factors of a.
13
Let i(p) = p - 2. Let o be i(6). Suppose o*q - 2*q = 62. Suppose 0 = 5*l - q + 1. What are the prime factors of l?
2, 3
Suppose -3*k = -12, 0*i + 648 = 4*i + 2*k. List the prime factors of i.
2, 5
Suppose -4*a + 2*b + 124 = -0*b, 2 = -b. List the prime factors of ((-9)/(-6) + -1)*a.
3, 5
List the prime factors of 7*(-2)/(-4)*8.
2, 7
Let x = -15 + 22. Let g(w) = w. Let o be g(-4). Let h = o + x. List the prime factors of h.
3
Let m = -9 + 60. What are the prime factors of m?
3, 17
Suppose 0 = -4*i + 139 + 77. What are the prime factors of i?
2, 3
Let p(j) = j**3 - 6*j**2 - j + 7. Let a be p(6). Let s(f) be the first derivative of 3*f**4/4 + 2*f**3/3 - f**2 + f - 1. List the prime factors of s(a).
2
Let j(f) = f + 9. Let n be j(-7). Suppose 5 = n*o - 7. What are the prime factors of o?
2, 3
Let s = 1 - -2. Suppose s*v - 10 = v. What are the prime factors of v?
5
Let h(z) = z**3 + 8*z**2 - 4*z + 1. List the prime factors of h(-7).
2, 3, 13
Let d = 4 + 0. Suppose -55 = -2*c + 3*z, 3*z + 124 - 11 = d*c. Let p = -18 + c. List the prime factors of p.
11
Let l(s) = s**3 - 5*s**2 + 2*s - 6. Let h be l(5). Suppose 0*b = -b + h. Let d = 3 + b. List the prime factors of d.
7
Let j(c) = -c**3 + c**2 + c + 1. Let v = 5 + -5. Let b be j(v). Suppose p = b + 1. What are the prime factors of p?
2
Let t(b) = b. Let j(m) = 3*m - 2. Let x(p) = -j(p) + 2*t(p). Let o = -1 - 2. List the prime factors of x(o).
5
Suppose 59 - 29 = 5*d. Let z be ((-2)/(-2)*0)/2. Suppose z = -k + d*k - 70. List the prime factors of k.
2, 7
Suppose -2*p + 15 = 3*p. Suppose -5*i + 65 = 2*a, -6*a + p*i = -3*a - 45. List the prime factors of a.
2, 5
Let t(n) = n + 13. What are the prime factors of t(15)?
2, 7
Suppose 0 = s + 4*w - 39, -3*w = 2*s + w - 74. Suppose s + 70 = 5*c. List the prime factors of c.
3, 7
Suppose z - 6 = -2*z. Let c(l) = l**3 + 7*l**2 - 4*l - 7. Let v be c(-7). Suppose -z*w + 6 = f, v = 2*f + 5*w + 9. List the prime factors of f.
2, 3
Suppose -2*k = -5*k + 75. What are the prime factors of k?
5
Suppose 5*u + 29 + 11 = 0. Let j = u - -15. List the prime factors of j.
7
Let j be 4/(-12) - (-4)/(-6). Let f be -9 - j/(2/4). Let w(k) = -2*k - 9. What are the prime factors of w(f)?
5
Let w(g) = 4*g - 3. Let p be w(2). What are the prime factors of p + -3*(3 + -2)?
2
Suppose 0 = -2*l - 3*l - 15. Let k be 5*(-7)/(35/(-3)). List the prime factors of (k - l) + -1 + 2.
7
Let u(h) = -h**2 - 7*h - 9. Let i be u(-6). Let n = 7 + i. What are the prime factors of n?
2
Let h be 36/(-30) - (-3)/15. Let o = h + 16. What are the prime factors of o?
3, 5
Suppose -5*p + 104 = -201. List the prime factors of p.
61
List the prime factors of (0 + 185)*(4 - 3).
5, 37
Let p(b) = -14*b**3 - 3*b**2 - 3*b - 3. What are the prime factors of p(-2)?
103
Let u = 3 + -8. List the prime factors of (-37)/u + (-12)/30.
7
Suppose -4*i = -i - 72. Suppose -4*x + i = 4*b, 4*b - 4*x + 9 = 57. What are the prime factors of b?
3
Let n(k) = -k**3 + 14*k**2 + 18*k + 2. Let l(g) = 10*g - 5. Let c be l(2). What are the prime factors of n(c)?
47
Let x(z) = -8*z + 1. Let t be x(-1). List the prime factors of 4*4/(24/t).
2, 3
Let z(n) = -15 + 35 + 4*n - 3*n. List the prime factors of z(-10).
2, 5
Suppose 0 = 3*p + 4*r - 138, -4*p + 0*r = 4*r - 184. List the prime factors of p.
2, 23
Let k = 5 + -5. Suppose k*a = -3*a - 3*u + 60, 3*a = -4*u + 65. What are the prime factors of a?
3, 5
Let a(w) = -w**2 + w - 17. Let f be a(0). Suppose 43 = -4*u - 61. Let l = f - u. What are the prime factors of l?
3
Suppose -2 + 27 = 5*f. Let b(r) = 10*r**2 + r. Let w be b(-1). Suppose -w = -2*v - 2*u + 15, -f*v + 53 = -2*u. List the prime factors of v.
11
Suppose 3*q = 21 + 6. Let a = -6 + q. Suppose 5*p + 41 = c + a*c, 3*p = 5*c - 48. List the prime factors of c.
3
Suppose 552 = 2*z + 4*z. List the prime factors of z.
2, 23
Let v be 3/6 - 29/2. Let a = v + 17. What are the prime factors of a?
3
Let a(c) = c**3 + c + 17. Let l(k) = -k**2 + 6*k - 5. Let b be l(5). List the prime factors of a(b).
17
Suppose -2*s - 9 = -3*k, -6 = 3*s - s - 2*k. Let q(g) = -g**2 + 5. What are the prime factors of q(s)?
5
Let u(d) = d**2 + 7*d + 8. List the prime factors of u(-10).
2, 19
Let u be (-64)/(-28) + (-2)/7. Suppose -u*v - 2*m = 2*m + 2, 2*m + 28 = 2*v. List the prime factors of (v/(-12))/(1/(-4)).
3
Let d(p) = p**2 + 2*p + 31. List the prime factors of d(12).
199
Suppose 3*s + 499 = 4*z + 4*s, -625 = -5*z - s. List the prime factors of z.
2, 3, 7
Let c = 12 + -7. Suppose -3*j - c = -14. Suppose 0*s + 6 = j*s. List the prime factors of s.
2
Suppose z = -4*g - z + 360, 0 = -z - 2. What are the prime factors of g?
7, 13
Suppose 3*o - 5*o + 40 = 0. What are the prime factors of o?
2, 5
Suppose 5*b + 2*g - 225 = 0, -3*b + 7*b - 3*g - 203 = 0. What are the prime factors of b?
47
Let a = -6 + 11. List the prime factors of a*(4 - (-4)/5).
2, 3
Let u(i) = 5*i**3 - 11*i**2 - 4*i - 9. Let x(h) = 4*h**3 - 10*h**2 - 4*h - 8. Let b(g) = 5*u(g) - 6*x(g). Let a = -8 + 5. List the prime factors of b(a).
3
Let a = 5 - 2. Suppose 0 = -3*u - 2*q + 25, a*u + 2*q + q = 30. Let v = u + 0. List the prime factors of v.
5
Let x(l) = l**3 - 6*l**2 + 2*l - 9. Let d be x(6). Let v(s) = -1 - d*s**2 + 6*s**2 - s - 1. List the prime factors of v(-2).
2, 3
Let j(s) = 2 - 14 + 2*s - 13 + 8. What are the prime factors of j(13)?
3
Suppose 4*f - 81 - 135 = 0. What are the prime factors of f?
2, 3
Let z = 59 + 7. What are the prime factors of z?
2, 3, 11
Let y(r) = 3*r**2 + r - 1. List the prime factors of y(4).
3, 17
Suppose -5*p + 469 = -256. List the prime factors of p.
5, 29
Let t = 388 - 97. List the prime factors of 6/27 - t/(-27).
11
Suppose 2*c - 15 = -0*c + w, -5*w = 5*c - 45. Suppose h + c = -3*h. List the prime factors of (-14)/8*h*2.
7
Let w = -3 - -1. Let v(q) be the second derivative of q**4/3 + q**3/3 - q**2 + 4*q. List the prime factors of v(w).
2, 5
Let c = 9 - 4. Let q(m) = m - 5. Let n be q(c). Suppose 0*o = -4*o + 2*d + 6, o - 3*d + 1 = n. What are the prime factors of o?
2
Let x = 1045 - 734. List the prime factors of x.
311
Let p be (-8)/(-2)*(-2 + 1). Let i be (-5)/(-3)*(p + 1). Let x(l) = -l - 3. What are the prime factors of x(i)?
2
Suppose 280 = 18*o - 13*o. What are the prime factors of o?
2, 7
Let d(s) = 3*s**2 - 3*s. List the prime factors of d(-3).
2, 3
Let v(o) = -2*o**2 - 3*o - 5. Let g(z) = 1. Let j(m) = -5*g(m) - v(m). Let r be j(-3). Let p = r 